/((-1002)/10688)?
13
Let u be (2 + -4)/(-15 + 14). Suppose -u*v = -18 + 8. Calculate the remainder when 30 is divided by v.
0
Let g = 11 + 1681. Calculate the remainder when ((-11)/33)/((-3)/g) is divided by 39.
32
Let o(v) = -v**2 + 13*v - 32. Let h be o(9). Suppose 0 = c + 2*l - 62, -h*c + 286 = c - 2*l. Calculate the remainder when 113 is divided by c.
55
Let i(t) = 2*t - 49. Let q be i(17). Let o(f) = -2*f - 22. Let s = 9 + 7. What is the remainder when s is divided by o(q)?
0
Suppose -58520 = 132*p - 322*p. Calculate the remainder when p is divided by 127.
54
Let j(m) = 2*m**3 + 1. Suppose 65 = 12*l + l. Suppose -5*n + 205 = 5*w, -l*w = -w - 2*n - 188. What is the remainder when w is divided by j(2)?
11
Let v be -1*(-5)/((-15)/(-6)). Suppose -a - 2*a - 3 = -t, -2*a = -5*t + 28. Calculate the remainder when 44*v/4 + 0/4 is divided by t.
4
Let m be (-582)/4 - (35/14 - 1). Let y = 26 - m. Suppose 0 = 3*c - 33 - 54. What is the remainder when y is divided by c?
28
Suppose -6*d + 736 = 286. Let t be (3330/d)/(1 - 6/10). Suppose -113*q + 42 = -t*q. What is the remainder when 82 is divided by q?
19
Let s(j) = -10*j - 68. Let h be s(-19). Suppose 0 = -5*v - 2*z + 141, -3*v - 3*z = -7*v + h. What is the remainder when 76 is divided by v?
18
Let o(b) = -b**2 - 21*b + 139. What is the remainder when 158 is divided by o(-26)?
5
Suppose -320 = 18*i - 19*i + 6*t, -2*i + 3*t + 613 = 0. Calculate the remainder when 835 is divided by i.
231
Suppose -m + 326 = 2*i, -3*m + 973 = 3*i + 2*i. Let c = -245 + m. What is the remainder when 125 is divided by c?
54
Suppose 20 = 3*c + 4*h, 4*c - 15*h + 14*h + 5 = 0. Suppose 0 = l - 4*b - 53, -2*b + c - 10 = 0. Calculate the remainder when l is divided by 17.
16
Calculate the remainder when ((-846)/(-987))/(3/7714) is divided by 15.
14
Suppose t - 46 = -3*u, 626*u = -5*t + 628*u + 179. Calculate the remainder when 106 is divided by t.
32
Let a be -4 - (-5 - (-56)/(-8)). Suppose -a*d = -6*d - 80. What is the remainder when d is divided by 16?
8
Suppose 41*l = -4*l + 3*l + 59388. Calculate the remainder when l is divided by 701.
12
Suppose 0 = 2*q + q + 4*r + 6, 2*r = -6. Suppose 5*f = -5, 0*f - q*f - 97 = -i. What is the remainder when i is divided by 23?
3
Suppose 2*s - 6*s = -4*x - 940, -705 = -3*s + x. Suppose -38*d + 2349 = -s. What is the remainder when d is divided by 38?
30
Let j(h) = -h**3 + 11*h**2 + 6*h + 5. Calculate the remainder when j(11) is divided by (-180)/(-8) - (129/(-78) - (-2)/13).
23
Suppose -48 = 4*v - 312. Let s(f) = 612*f + 3067. Calculate the remainder when v is divided by s(-5).
3
Suppose -4*l + v + 257 + 339 = 0, 4*v - 428 = -3*l. Calculate the remainder when l is divided by 52.
44
Let z be (280/(-30))/(1/(-9)). Suppose -66 = -k + z. Let j(w) = 39*w**3 - 3*w**2 - 11*w + 13. What is the remainder when k is divided by j(1)?
36
Let s = 115 + -103. Let p(t) = -t**2 + 4*t - 10. Let i(l) = -3*l**2 + 9*l - 20. Let c(r) = -2*i(r) + 5*p(r). What is the remainder when c(8) is divided by s?
10
Suppose -116 = 4*h + z - 5*z, 3*h + z + 79 = 0. Let s = 8 + h. Let i = 48 + s. What is the remainder when 57 is divided by i?
28
Let w(y) = -y**2 - 6*y - 4. Let m be w(-4). Suppose 105 = 5*u - 5*q, -u - q - 53 = -m*u. Suppose -5*j + 159 = 9. Calculate the remainder when j is divided by u.
14
Let o(u) = 15*u**3 - 7*u**2 + 8*u - 1. What is the remainder when o(3) is divided by 179?
7
Let s(r) = -r**3 + 8*r**2 + 10. Suppose -f = 5, -52*f - 80 = -3*x - 51*f. What is the remainder when x is divided by s(8)?
5
Suppose 40*r - 39*r + 5 = 0, 4*k - 4713 = 5*r. What is the remainder when k is divided by 47?
44
Suppose 32 = -2*j + 3*m, -5*m + 14 = -4*j - 54. Let g(d) = d**2 + 17*d - 22. Calculate the remainder when g(j) is divided by 30.
28
Let t(d) = -9*d + 18. Let q(p) = 280*p - 560. Let a(u) = 2*q(u) + 63*t(u). Let i = 82 - -28. Calculate the remainder when i is divided by a(-6).
54
Suppose 65*a - 32747 + 3172 = 0. Calculate the remainder when a is divided by 227.
1
Let a(g) be the second derivative of -g**4/12 - 13*g**3/6 - 4*g. Let p be a(-9). Suppose p = 4*z + 2*z. What is the remainder when z is divided by 2?
0
Suppose 5*y = -0*y + 3*y + 1378. Calculate the remainder when 1388 is divided by y.
10
Let g = -597 + 421. Calculate the remainder when 395 is divided by (g/(-10))/((-6)/(-15)).
43
Suppose 0 = 3*v - 2*r - 22, 10*v + 4*r + 14 = 11*v. Suppose v*g - 3*a - 73 = 4*g, -5*a - 5 = 0. Calculate the remainder when g is divided by 10.
5
Suppose -2*w + 2 + 7 = -3*n, -4*w = n + 3. Suppose 4*x - 700 = -2*a, 0 = x - w*x + 2*a - 169. Calculate the remainder when x is divided by 4.
1
Let t(o) = -10*o**2 + 3*o + 5. Let s be t(-2). Let r = 56 + s. Suppose -3*f = 4*h - 79, 12 = 2*h - 0*h - 4*f. What is the remainder when h is divided by r?
1
Let q = -7 - -22. Let c(b) = -49*b + 1. Let a be c(-6). Suppose 3*v - a = -2*v. Calculate the remainder when v is divided by q.
14
Let q(x) = -x**3 - 11*x**2 - 26*x - 34. What is the remainder when 531 is divided by q(-9)?
37
Suppose 26*j - 29*j - 2*y = -648, -2*j = 5*y - 421. What is the remainder when 3062 is divided by j?
10
Calculate the remainder when 9081 is divided by 202/((-48)/12 - -6).
92
Let r be -6*((-19)/171)/(2/(-30)). What is the remainder when 179 is divided by 46/115 - (-1)/(r/(-146))?
14
Suppose -118 = -4*j + 218. Calculate the remainder when 166 is divided by j.
82
Let k(p) = -p**3 - 11*p**2 - 3*p - 18. Let v be k(-11). Suppose 0 = z - 2, 21 - v = -a + 4*z. Calculate the remainder when 155 is divided by a.
1
Suppose -15*p + 380 = -13*p. Suppose -2*t + 4*z + 116 = 0, 3*t - p = -0*t - 2*z. Calculate the remainder when t is divided by 21.
20
Suppose 4601*f - 4615*f + 2450 = 0. Calculate the remainder when 890 is divided by f.
15
Let m be 150/40*28 + (1 - 2). Let b = -21 - 48. Let c = b + m. What is the remainder when c is divided by 12?
11
Let u = -503 - -501. What is the remainder when -2*(402/(-12) + u) is divided by 14?
1
Let o(r) = -20*r + 4. Let k be o(0). Suppose q - 500 = -k*c, 26*c - 24*c + 2*q - 250 = 0. Calculate the remainder when c is divided by 14.
13
Suppose 0 = -17*h + 9*h + 14 + 738. What is the remainder when 1125 is divided by h?
91
What is the remainder when (224/(-140))/(((-48)/(-10284))/(10*-1)) is divided by 44?
40
What is the remainder when 528 is divided by (600/(-90))/((-2)/18)?
48
Let d(o) = -o**3 - 53*o**2 + 51*o + 140. Calculate the remainder when d(-54) is divided by 144.
14
Suppose 34610 - 15902 = 147*c - 54939. What is the remainder when c is divided by 112?
53
What is the remainder when ((-256)/(-28))/(-16) + (6204/14)/2 is divided by 24?
5
Let i(l) = -8*l - 3. Suppose -9*h + 0*h = 36. Let y be i(h). Let m = -14 + y. Calculate the remainder when m is divided by 9.
6
Suppose -3*l + 185 = -2*y, -4*l - 132*y = -128*y - 200. What is the remainder when 120 is divided by l?
6
Let g be (-1424)/10 - 6/10. Let w = g - -161. Calculate the remainder when 74 is divided by w.
2
Let u be (-22 + -2)/(62/(-3503)). Suppose -5*h + u = 7*h. Suppose -3*t + 4*g = -0*t - 95, -3*t - 5*g + 77 = 0. Calculate the remainder when h is divided by t.
26
Suppose 2*w - 64 = -72. Calculate the remainder when 30 is divided by w/(-5)*(-20)/(-4) - -5.
3
Suppose -2*d = -189*z + 186*z + 10, -2*d - 22 = -5*z. Suppose -5*f + 102 = -218. What is the remainder when f is divided by z?
4
Suppose 0 = -h - 4*c - 2, 0 = 3*h - 13*c + 11*c - 64. Let j(t) = -2*t. Let n be j(-4). What is the remainder when ((-92)/n)/((-2)/12) is divided by h?
15
Suppose -5*w + 130 = -5*s, 5*w + 3 + 63 = -2*s. Let l = s + 31. Let c(b) = 7*b + 15. Calculate the remainder when c(0) is divided by l.
0
Suppose 0 = b + 5*v + 6, -5*b - 2*v + 30 = 3*v. Suppose -3*y + b = -3. Suppose -y*p + 10*p - 78 = 0. What is the remainder when p is divided by 8?
5
What is the remainder when 11398 is divided by (-100)/(-6)*(-21261)/(-1865)?
188
Suppose -23 = -3*a + 5*d, 4*d - 2*d + 7 = -a. What is the remainder when (-5)/a*(-168)/20 is divided by 27?
15
Suppose 1544*y - 1625*y = -31833. What is the remainder when y is divided by 103?
84
Let s = 47 - 38. Suppose 0 = s*i - 5*i - 80. Calculate the remainder when 57 is divided by i.
17
Let a be (-8 - -7) + 162/(-6). Let o(n) = -n**2 - 33*n - 10. What is the remainder when o(a) is di